(h) = 4*h**2 - 28*h + 12. Calculate n(8).
44
Let s(z) = -3*z + 23. Give s(9).
-4
Let l(h) = 3*h**2 + 3*h + 3. What is l(-1)?
3
Let q(h) = -h**2 - 5*h + 21. What is q(-7)?
7
Let c(x) = -32*x**2 - 4*x + 5. What is c(1)?
-31
Let z(w) = -w**2 + 9*w + 16. Give z(12).
-20
Let q(g) = -g**2 - 2*g - 1. What is q(-8)?
-49
Let f(k) = -k - 23. Determine f(-5).
-18
Let i(y) = 40*y - 364. Calculate i(9).
-4
Let z(p) = p**2 + 3. Give z(3).
12
Let z(d) = -55*d**3 + 2*d**2 + 2*d + 1. Determine z(-1).
56
Let a(b) = -9*b**3 - 4*b**2 + 1. What is a(1)?
-12
Let j(v) = 7*v + 4. Give j(-19).
-129
Let b(z) = 19*z**2. What is b(1)?
19
Let p(r) = -3*r**2 + 8*r - 11. What is p(4)?
-27
Let l(j) = j**3 + j**2 - 34*j - 9. Give l(-6).
15
Let t(n) = -n**2 + n - 2. Calculate t(-4).
-22
Let c(l) = l + 40. Calculate c(0).
40
Let j(a) = -8*a - 36. Determine j(-5).
4
Let o(t) = 2*t + 33. Give o(-9).
15
Let n(a) = -a**2 - 2*a + 29. Calculate n(7).
-34
Let r(q) = q**2 - 19*q + 38. Calculate r(16).
-10
Let r(s) = -2*s**3 - 12*s**2 - 5*s - 9. Calculate r(-6).
21
Let y(n) = 2*n**3 - 7*n**2 + 9*n + 2. What is y(4)?
54
Let q(p) = 5*p**2 - 7*p + 10. Calculate q(2).
16
Let l(t) = -t**2 - 19*t - 11. What is l(-19)?
-11
Let n(u) = u**3 - 19*u**2 - 23*u + 44. Determine n(20).
-16
Let l(b) = -2*b**2 + 23*b - 16. Calculate l(11).
-5
Let y(v) = v**3 + 7*v**2 + v - 12. Determine y(-6).
18
Let v(d) = -d**2 - 10*d + 125. Calculate v(-17).
6
Let t(f) = -94*f - 932. What is t(-10)?
8
Let f(p) = -2*p - 29. What is f(-19)?
9
Let h(t) = -t**3 + 10*t**2 - 6*t + 13. What is h(9)?
40
Let h(n) = -3*n + 6. Calculate h(7).
-15
Let p(z) = z**3 - 6*z**2 - 8*z + 10. Calculate p(7).
3
Let j(s) = s**3 - s**2 - 2*s + 1. What is j(2)?
1
Let z(k) = -4*k + 18. Give z(7).
-10
Let t(a) = a**2 - 4*a + 3. What is t(4)?
3
Let h(s) = 2*s**2 - 8*s + 1. What is h(3)?
-5
Let c(f) = f**3 + 9*f**2 - 9*f + 13. Give c(-10).
3
Let r(b) = 31*b + 141. What is r(-5)?
-14
Let i(g) = 6*g**3 + 3*g**2 - 6*g + 5. Calculate i(1).
8
Let s(k) = -k**3 + k**2 - 76. Calculate s(0).
-76
Let k(m) = -m**2 + 13*m + 174. Calculate k(-9).
-24
Let q(t) = t**2 - 2*t - 6. What is q(6)?
18
Let w(f) = f - 2. Calculate w(5).
3
Let o(h) = h**3 + 19*h**2 + 62*h + 24. What is o(-15)?
-6
Let z(m) = 45*m - 406. Give z(9).
-1
Let c(f) = 12*f**2 - 6*f + 1. Calculate c(1).
7
Let n(u) = u**3 - u**2 + u - 10. Determine n(0).
-10
Let x(p) = p**2 + 57*p + 2. Calculate x(-57).
2
Let i(p) = p**2 + 20*p + 62. What is i(-17)?
11
Let d(j) = j. Give d(0).
0
Let d(y) = y**2 + 9*y - 14. Determine d(-10).
-4
Let i(s) = -s**2 - 26*s - 38. What is i(-25)?
-13
Let z(x) = -4*x - 24. Give z(-8).
8
Let z(w) = w**3 - 2*w**2 + 57. Determine z(0).
57
Let v(m) = m**3 + m - 18. Determine v(0).
-18
Let j(s) = -2*s**2 - 23*s + 57. Calculate j(-13).
18
Let m(f) = f**3 + 6*f**2 - 7*f. Give m(-5).
60
Let u(x) = 16*x + 20. Calculate u(6).
116
Let h(o) = -o**2 + 61. What is h(7)?
12
Let o(g) = -22*g + 45. Give o(2).
1
Let t(r) = 2*r**3 - 71*r**2 + 33*r + 69. Give t(35).
-1
Let p(z) = -4*z - 7. Calculate p(3).
-19
Let o(i) = -i**2 - i + 12. What is o(-4)?
0
Let s(b) = -b**3 - 15*b**2 + 3*b - 32. Determine s(-15).
-77
Let c(q) = -q**3 + 13*q**2 - 11*q - 3. What is c(12)?
9
Let n(i) = 4*i - 5. Determine n(3).
7
Let u(c) = 2*c**2 - 71*c - 273. Determine u(39).
0
Let m(g) = -3*g**2 + 63*g + 60. What is m(22)?
-6
Let a(m) = -2*m**2 - 6*m + 15. Give a(-5).
-5
Let w(s) = -s**2 + 32. Give w(0).
32
Let s(a) = 2*a**2 + 8*a - 84. Calculate s(5).
6
Let q(p) = -4*p**3 - 3*p**2 + 2. Calculate q(-2).
22
Let k(l) = 4*l - 6. What is k(4)?
10
Let d(b) = -b**3 - 8*b**2 - 7*b - 9. Give d(-7).
-9
Let m(o) = -19*o - 6. Determine m(-4).
70
Let z(h) = h**3 + 30*h**2 - 65*h - 30. Determine z(-32).
2
Let u(i) = -2*i**2 - i + 2. Calculate u(2).
-8
Let n(x) = -171*x**3 + x**2 - 2*x - 1. Give n(-1).
173
Let q(f) = -f**2 + 11*f + 25. What is q(13)?
-1
Let b(j) = j + 1. Give b(-9).
-8
Let d(f) = -10*f + 3. Determine d(2).
-17
Let h(s) = s**2 + 16*s + 49. Determine h(-13).
10
Let t(m) = -m**3 + 13*m**2 + 14*m - 1. What is t(14)?
-1
Let q(v) = v**2 + 15*v - 200. Determine q(8).
-16
Let h(p) = -p**3 - 4*p**2 + p - 4. What is h(-4)?
-8
Let p(b) = -b**2 - 13*b - 53. Calculate p(-6).
-11
Let x(f) = -32*f - 10. Determine x(-2).
54
Let a(o) = 12*o - 238. Determine a(19).
-10
Let d(h) = -h**2 + 12*h - 35. Determine d(5).
0
Let s(d) = d**3 + 11*d**2 + 12*d + 21. Give s(-10).
1
Let g(a) = a**2 + 15*a - 33. Give g(-17).
1
Let u(m) = m**3 - 5*m**2 - 2*m + 7. Give u(7).
91
Let h(i) = i**3 - 16*i**2 - 17*i + 3. Calculate h(17).
3
Let x(r) = r**2 - 5*r + 2. Determine x(2).
-4
Let i(j) = -j**3 + j**2 + j - 17. Determine i(0).
-17
Let v(c) = -2*c - 11. What is v(-5)?
-1
Let t(u) = 4*u - 12. Give t(3).
0
Let p(h) = h**3 - 7*h**2 + 8*h - 11. What is p(6)?
1
Let o(s) = -s**2 + 98*s - 474. Calculate o(5).
-9
Let m(n) = -n**2 + 5*n + 1. Determine m(6).
-5
Let n(c) = -131*c - 118. Determine n(-1).
13
Let i(y) = -9*y**2 - 5*y + 2. Determine i(1).
-12
Let a(r) = 3*r - 29. Calculate a(11).
4
Let h(k) = 24*k**3 - 4*k**2 + 4*k - 1. Determine h(1).
23
Let r(s) = -19*s - 75. Determine r(-5).
20
Let o(v) = 4*v + 26. Calculate o(0).
26
Let b(i) = 29*i + 37. Calculate b(-4).
-79
Let z(f) = 9*f - 256. What is z(28)?
-4
Let w(r) = r**3 - 61*r + 14. Give w(-8).
-10
Let a(o) = -o - 12. Calculate a(-18).
6
Let w(u) = -21*u**2 + 293*u + 14. Calculate w(14).
0
Let q(b) = 20*b**2 + 2. Calculate q(-1).
22
Let l(z) = -3*z + 14. Give l(6).
-4
Let y(u) = 21*u - 3. Calculate y(1).
18
Let r(s) = s**3 + 7*s**2 + 9*s + 4. Determine r(-6).
-14
Let g(k) = -7*k**2 - 4*k - 10. What is g(-4)?
-106
Let k(i) = i**2 - 10*i + 2. Give k(11).
13
Let y(h) = h**3 - 13*h**2 + 17*h - 14. Determine y(11).
-69
Let n(b) = -16*b - 9. Give n(-6).
87
Let w(a) = -a**3 + 29*a**2 - 29*a + 10. What is w(28)?
-18
Let l(a) = -3*a - 101. Determine l(-31).
-8
Let y(j) = -2*j**2 - 11*j - 6. Calculate y(-4).
6
Let t(y) = -7*y + 2. Calculate t(1).
-5
Let d(m) = -24*m + 21. Determine d(8).
-171
Let o(u) = u - 5. Calculate o(-4).
-9
Let y(u) = -u**3 + 11*u**2 - 34*u + 11. Determine y(5).
-9
Let u(c) = 46*c + 23. Determine u(1).
69
Let j(b) = b**2 - 10*b - 10. Calculate j(9).
-19
Let u(n) = 2*n - 6. Give u(2).
-2
Let v(d) = -d**3 - 26*d**2 + 21*d - 172. Give v(-27).
-10
Let d(r) = r**2 + 68. What is d(0)?
68
Let c(l) = l**3 - 6*l**2 + l - 6. Determine c(7).
50
Let v(q) = q**3 + 68*q**2 - 11*q - 754. What is v(-68)?
-6
Let y(b) = -b**3 + 24*b**2 + 28*b - 78. Give y(25).
-3
Let c(r) = -r**3 - r**2 - 7*r + 1. Give c(0).
1
Let l(s) = -s**3 - 19*s**2 - 19*s - 20. Calculate l(-18).
-2
Let c(q) = -2*q**2 + 5*q + 18. Give c(6).
-24
Let g(s) = 26*s - 212. What is g(8)?
-4
Let z(h) = -h + 2. Give z(6).
-4
Let a(l) = -l**3 + 7*l**2 - 9. Determine a(7).
-9
Let z(n) = 4*n + 15. Give z(0).
15
Let c(z) = 2*z**2 + 22*z - 29. What is c(-12)?
-5
Let y(l) = -9*l + 62. Calculate y(6).
8
Let f(h) = h**2 - 38*h - 163. Calculate f(-4).
5
Let u(r) = r - 7. Determine u(3).
-4
Let u(r) = -r - 69. Give u(0).
-69
Let n(z) = -8*z**2 - 10*z + 10. What is n(1)?
-8
Let j(w) = -15*w**3 + 2*w**2 - 10*w - 11. What is j(-1)?
16
Let o(n) = 19*n + 1. Calculate o(2).
39
Let t(o) = 5*o - 44. Calculate t(10).
6
Let h(x) = x + 23. Give h(-11).
12
Let g(o) = 2*o**2 + 8*o - 28. What is g(-6)?
-4
Let r(i) = -i**3 - 10*i**2 - 6*i - 2. Give r(-8).
-82
Let b(q) = -q - 6. Determine b(4).
-10
Let x(j) = -j**3 + 8*j**2 - 7*j + 6. Determine x(6).
36
Let z(w) = -2*w**2 - 9*w - 3. Determine z(-6).
-21
Let l(r) = 40*r + 478. Determine l(-12).
-2
Let n(k) = -k**3 - 9*k**2 - 9*k - 12. What is n(-8)?
-4
Let i(z) = -13*z - 88. Determine i(-7).
3
Let f(v) = -67*v - 4. Give f(-1).
63
Let m(x) = -x**3 + 4*x**2 - x - 2. Calculate m(4).
-6
Let w(n) = -4*n - 1. What is w(23)?
-93
Let q(w) = -9*w + 26. Give q(5).
-19
Let v(y) = -y**3 - 9*y**2 + 3*y - 15. Calculate v(-9).
-42
Let i(c) = c**2 - c - 7. Determine i(-2).
-1
Let l(s) = -2*s**3 - 3*s**2 + 3. Calculate l(-2).
7
Let v(f) = -f**2 + 11*f + 3. What is v(11)?
3
Let d(u) = -4*u**2 + 17*u + 1. What is d(7)?
-76
Let l(k) = 2*k**3 + 10*k**2 + k + 10. Determine l(-5).
5
Let m(i) = -i - 1. What is m(3)?
-4
Let l(u) = -u**2 + 35*u - 69. Give l(33).
-3
Let g(s) = -s**2 - 3*s + 62. What is g(-10)?
-8
Let j(s) = -s**2 + 22*s